{"id":7,"date":"2017-11-04T16:02:39","date_gmt":"2017-11-04T15:02:39","guid":{"rendered":"http:\/\/baptysci-wrzesnia.pl\/web\/?page_id=7"},"modified":"2020-07-05T09:41:00","modified_gmt":"2020-07-05T07:41:00","slug":"kontakt","status":"publish","type":"page","link":"http:\/\/baptysci-wrzesnia.pl\/index.php\/kontakt\/","title":{"rendered":"Kontakt"},"content":{"rendered":"<p>Ko\u015bci\u00f3\u0142 Chrze\u015bcijan Baptyst\u00f3w<\/p>\n<p>Kutrzeby 5A\/14,\u00a0Wrze\u015bnia 62-300<\/p>\n<p>Nr konta bankowego\u00a0\u00a0 74 1090 1375 0000 0001 4212 7973<\/p>\n<p>Pastor Dariusz Banicki \u00a0 dariusz-banicki@o2.pl<br \/>\nPastor Ireneusz Roethel \u00a0 i.roethel@pomocnemiejsce.pl<\/p>\n","protected":false},"excerpt":{"rendered":"<p>Ko\u015bci\u00f3\u0142 Chrze\u015bcijan Baptyst\u00f3w Kutrzeby 5A\/14,\u00a0Wrze\u015bnia 62-300 Nr konta bankowego\u00a0\u00a0 74 1090 1375 0000 0001 4212 7973 Pastor Dariusz Banicki \u00a0 dariusz-banicki@o2.pl Pastor Ireneusz Roethel \u00a0 i.roethel@pomocnemiejsce.pl<\/p>\n","protected":false},"author":1,"featured_media":0,"parent":0,"menu_order":0,"comment_status":"closed","ping_status":"open","template":"","meta":[],"_links":{"self":[{"href":"http:\/\/baptysci-wrzesnia.pl\/index.php\/wp-json\/wp\/v2\/pages\/7"}],"collection":[{"href":"http:\/\/baptysci-wrzesnia.pl\/index.php\/wp-json\/wp\/v2\/pages"}],"about":[{"href":"http:\/\/baptysci-wrzesnia.pl\/index.php\/wp-json\/wp\/v2\/types\/page"}],"author":[{"embeddable":true,"href":"http:\/\/baptysci-wrzesnia.pl\/index.php\/wp-json\/wp\/v2\/users\/1"}],"replies":[{"embeddable":true,"href":"http:\/\/baptysci-wrzesnia.pl\/index.php\/wp-json\/wp\/v2\/comments?post=7"}],"version-history":[{"count":45,"href":"http:\/\/baptysci-wrzesnia.pl\/index.php\/wp-json\/wp\/v2\/pages\/7\/revisions"}],"predecessor-version":[{"id":983,"href":"http:\/\/baptysci-wrzesnia.pl\/index.php\/wp-json\/wp\/v2\/pages\/7\/revisions\/983"}],"wp:attachment":[{"href":"http:\/\/baptysci-wrzesnia.pl\/index.php\/wp-json\/wp\/v2\/media?parent=7"}],"curies":[{"name":"wp","href":"https:\/\/api.w.org\/{rel}","templated":true}]}}